 + 160 = 0. What is the units digit of r?
8
Let r(i) = 3*i**2 - 4*i + 6. What is the units digit of r(-7)?
1
Suppose -3*f + 6*f - 9 = 0. Let d = -2 + f. What is the units digit of d?
1
What is the tens digit of -15*2/(-3)*17/2?
8
Suppose -4*x = 12 - 40. Suppose -x*c + 40 = -2*c. What is the units digit of c?
8
Let p(n) be the third derivative of -n**6/120 + 3*n**5/20 + n**4/24 - 11*n**3/6 + 2*n**2. Let u be p(9). What is the tens digit of u/(-7) + 234/14?
1
Let r(g) = 83*g - 2. Let i be r(1). Suppose i = 5*h - 2*h. What is the tens digit of h?
2
Suppose -d + 249 = -5*w, w - 2*w + 2 = 0. What is the hundreds digit of d?
2
What is the hundreds digit of (177/(-2))/((-3)/4)?
1
Suppose 0*t - 2*t - 2*b = -26, 2*t + b = 24. Let w(q) = q**3 - 4 + 0*q**3 - 2*q**3 + t*q**2 - 9*q. What is the units digit of w(10)?
6
Let y(i) = i**3 - 7*i**2 + 8*i - 7. Let x be y(6). Let m = 2 + x. What is the units digit of m?
7
Suppose -j - j = -50. What is the tens digit of j?
2
Let r be (1/3*0)/(-3). Let b = -6 - r. Let m = 11 + b. What is the units digit of m?
5
Let g(d) = -10*d + 9. What is the tens digit of g(-3)?
3
Let y(i) = i**2 + 2*i - 4. Let k be 1/((-3)/(9/(-3))). Let m be 2/(-2)*5*k. What is the units digit of y(m)?
1
What is the units digit of 6/21 - (-1206)/42?
9
Let x(b) = -b + b**3 + 7*b + 2 + 0 + 8*b**2. What is the units digit of x(-7)?
9
Let i be (-28)/(-6) + (-6)/(-18). Suppose -i*x - 4*c + 34 = -6, -2*x + 3*c = 7. What is the units digit of -1 - x/((-8)/10)?
4
Let l = 42 - -21. What is the tens digit of l?
6
Let j(f) = f - 7. Let k be j(9). Let o = k - -14. What is the units digit of o?
6
Let l = 12 + -8. Suppose 2*t = 4*o + 20, 3*t - 3*o + 6 = -6*o. Suppose 2*f + t = l*f. What is the units digit of f?
1
Let r(t) = -t**3 - 8*t**2 - 6*t + 1. Let x be r(-5). What is the units digit of x/(-4) - (1 + 2)?
8
Let v(t) = -t**2 - 4*t + 3. Let q be v(3). Let y = q - -12. Let g(n) = n**2 + 5*n + 3. What is the units digit of g(y)?
9
Let l = 11 + -8. Suppose -l*p = -p. Suppose 4*h - 4*j - 52 = -0*j, 4*j + 20 = p. What is the units digit of h?
8
Let r = -6 + 9. Suppose 2*j - 25 = -o - 8, r*o + 5*j = 49. What is the units digit of o?
3
Suppose -2*q + 20 = 5*x, -5*q = x - 6*x + 20. Suppose q + 69 = 3*u. What is the tens digit of u?
2
What is the tens digit of -10*27*2/(-15)?
3
Let d(l) = -l**3 + 4*l**2 - l + 4. Let b be d(3). Suppose b + 0 = 5*t. What is the units digit of t?
2
Let v be 2/2*2 - -15. Let a = v - 9. Suppose u = 3*u - a. What is the units digit of u?
4
Suppose 2*d + 10 = -2*k, 6 = -4*d + 2. Let s = 6 + k. Suppose z + 5*a + 4 = 0, 3*a + 92 = -s*z + 7*z. What is the tens digit of z?
1
Suppose -2*n - 3*n - 65 = 0. Let z = 7 + n. Let c = z + 12. What is the units digit of c?
6
Suppose -2*o - o = 0. Suppose o + 3 = 3*x. What is the tens digit of -4 + x + 1 + 13?
1
Let d = -10 + 15. Suppose d*j = -7 + 87. What is the units digit of j?
6
Let m(h) = h**3 - 7*h + 11. What is the units digit of m(5)?
1
Suppose 0*v = v + 2. Let w(q) = -q**3 + 4*q + 3. Let z be w(v). Suppose 5*a - 18 = -z*h, 0 = -2*h - a + 11 + 1. What is the units digit of h?
6
Suppose 3*i + i - 12 = 0. Suppose 0 = i*w + w. Let z = 10 + w. What is the units digit of z?
0
Let a be 6/2 + 8 + -7. Suppose -25 = a*d - 89. What is the units digit of d?
6
Let c(v) = -3 - 4*v**3 + 2 - 2*v + 2*v**3. Let k be c(-1). Suppose 0 = -5*s - 28 + k, -4*s = f + 15. What is the units digit of f?
5
Let b = 27 - -19. What is the units digit of b?
6
What is the units digit of -3*(-1)/((-3)/(-4))?
4
What is the tens digit of 2/(-4) - (-708)/24?
2
Let m(i) = -i**3 - 6*i**2 - 5*i + 3. Let l(d) = -d**2 + 5*d + 1. Let z be l(6). Let o be m(z). Suppose o*j - 4 = 2. What is the units digit of j?
2
Suppose 84 = 8*c - 2*c. Suppose m = c - 4. What is the units digit of m?
0
Suppose 0*j - 3*j = 4*r - 38, 2*j + r = 17. What is the units digit of j?
6
Suppose 3*h - 6 = 9. Let c(p) = -p**2 - 3*p + 3. Let k be c(-3). Suppose 10 = -3*s - 5*a, 2*s = k*a - 6*a - h. What is the units digit of s?
5
Let j = -43 - -71. What is the tens digit of j?
2
Suppose 4*i = -p - 0*i + 48, 2*p = i + 60. What is the units digit of p?
2
Let u(n) = n**2 + 3*n - 38. What is the hundreds digit of u(-18)?
2
Let g(z) = z - 7. Let j be g(4). What is the tens digit of j/(-1 - (-22)/28)?
1
Let v(w) = -w - 2. Let n be v(2). Let t(b) = b**3 + 3*b**2 - 5*b + 2. What is the units digit of t(n)?
6
Let u(b) = 89*b**2 + 5*b - 5. What is the tens digit of u(1)?
8
Suppose -q = h - 17, -3*q + 1 = 10. Let s be 2/(-3) + h/3. Let n = -1 + s. What is the units digit of n?
5
Suppose 44 + 10 = 3*v. Let x be (-4)/v + (-21)/27. Let q = 2 + x. What is the units digit of q?
1
Let y = 76 - -7. What is the tens digit of y?
8
Suppose 0*b = 3*o - 2*b - 42, 3*o = -4*b + 42. Let i be 6/(-21) - 10/o. What is the units digit of 1 - i - (-2 + 1)?
3
Let z(f) = f - 6. Let w be z(5). What is the units digit of (w + 2)/(1 + 0)?
1
Suppose -2 = 4*x - 302. What is the units digit of x?
5
Let m = 62 + -42. What is the units digit of m?
0
Let l(t) = t**3 + 6*t**2 + 4*t - 5. Let g be l(-5). Let a(k) = -k**2 - k + 10. What is the tens digit of a(g)?
1
Let w = -3 - -3. Let y(v) = v**3 - 2*v**2 - 2*v + 2. Let m be y(2). Let o = w - m. What is the units digit of o?
2
Let n be (-31)/(-3) - (-1)/(-3). Let b = n - 6. Suppose b*a + 9 = t, 13 = 4*t + 3*a - 23. What is the units digit of t?
9
Let i be (-1)/((-1)/(-21)*-1). Let y be (-12)/14*(0 - i). Suppose 0 = 2*g + r - 24, g + 3*r - r - y = 0. What is the units digit of g?
0
Suppose -y = -0*o - o + 116, -o + 122 = 5*y. Suppose -o - 133 = -5*i. What is the tens digit of i?
5
Let c(i) = -i + 12. Let s be c(9). Let f(y) = y**3 - 3*y**2 + 3*y - 2. Let l be f(3). Let r = s + l. What is the tens digit of r?
1
Let c(b) = -b + 8. Let q be c(6). Let k(l) = 3*l - 6*l - 3 + 3*l + q*l. What is the units digit of k(6)?
9
What is the units digit of (1*38)/(20/(-10))*-10?
0
Suppose 0*k + k - 14 = 4*d, 3*k = 5*d + 28. Suppose -5*q - 25 = -k*q + 3*m, -3*q - 4*m = -114. What is the units digit of 8/(-20) + q/10?
3
Let i(s) = -2*s. Let c be i(-3). Suppose 0 = 5*o - c*o + 24. What is the tens digit of o?
2
Let a(r) = 22*r + 22. What is the tens digit of a(9)?
2
Let s(g) = 5*g - 4. Suppose -3*a = 4 - 19. What is the units digit of s(a)?
1
Let v(a) = 6*a - 48. What is the units digit of v(20)?
2
Suppose -8*l + 5*a + 23 = -4*l, 0 = -5*a - 15. Suppose 0 + 10 = l*d. Suppose d*v + 2*g - 12 = 0, 0 = -v - 4*v + 2*g + 28. What is the units digit of v?
4
Let q(i) = i**3 - 13*i**2 + 2*i + 15. What is the units digit of q(13)?
1
Let n = 139 - 83. Suppose -3*z = 5*o - 273, -o + 3*z + 13 = -n. What is the units digit of o?
7
Let w be (-7)/(-21) - (-50)/3. What is the units digit of 2/(2/w) + -2?
5
Suppose p - 97 - 37 = 0. What is the hundreds digit of p?
1
Let o be (1 + -2)/((-6)/12). Let v be -2*((-1)/o)/1. Suppose 3*f = -v + 4. What is the units digit of f?
1
Suppose 0 = -5*o - t - 13 - 24, 2*o + 4 = 5*t. Let d = o - -15. What is the units digit of d?
8
Let n(z) = -z**3 + 5*z**2 + 8*z - 2. Let w(t) = t**2 - 2*t - 2. Let s be w(-2). What is the tens digit of n(s)?
1
Let g(a) = 30*a + 3. What is the tens digit of g(1)?
3
Suppose -b = -3*b + 68. What is the units digit of b?
4
Let o = 11 + -5. What is the units digit of o?
6
Let l be 1952/(-28) + (-2)/7. Let k = l - -103. Suppose -5*b + 17 = -k. What is the units digit of b?
0
Let y(v) = -4*v**2 + 4*v**2 - v**3 - v. Let s(x) = 3*x**3 - 9*x**2 + 6*x + 13. Let c(m) = -s(m) - 4*y(m). What is the units digit of c(-9)?
5
Let w(h) = -h - 10. Let s be w(-10). Suppose 0 = -s*p - 2*p + 44. What is the tens digit of p?
2
Let x = -6 + 8. Suppose 6 = 2*w + x. Suppose -2*l + 12 = w. What is the units digit of l?
5
Suppose 412 + 308 = 5*d. What is the units digit of d?
4
Suppose 0 = 5*g + 90 - 1305. What is the tens digit of g?
4
Let h = 36 + 9. What is the units digit of h?
5
Let f(d) = -3*d**2 + 15*d + 72. Let j(r) = -r**2 + 5*r + 24. Let s(q) = -4*f(q) + 11*j(q). What is the units digit of s(10)?
6
Let k be (-12)/(-42) + (-222)/(-7). Suppose k + 24 = 4*s. Suppose 0*c = -2*c + s. What is the units digit of c?
7
Let o(j) = 10*j - 13. Let y be (-21)/(-9)*(6 + 0). Let q(f) = 3*f - 4. Let i(p) = y*q(p) - 4*o(p). What is the units digit of i(5)?
6
Let